3).
57
What is 2 - ((-5 - (10 + -11) - -40) + -12)?
-22
Calculate 1 - 7 - (349 + -329 + -7 + -89 + 5).
65
(23 - -27) + (72 - 162)
-40
What is the value of -48 + 30 + 25 - -36?
43
Evaluate 13 + 32 + -24 + -1 + -9.
11
What is 49 + -22 + 16 + -4 + 20 + -21?
38
What is -6 + 34 - (5 + (-17 - (11 - 22)))?
29
What is 24 - (-61 - -27 - -43)?
15
Calculate 2 - 1 - (4 - -7 - (-6 - (-12 - 8))).
4
101 + (39 + -30 - 37)
73
Evaluate ((-8 - (-14 + -22)) + -5 - 2) + 13.
34
Calculate (-80 - ((1 - 27) + 14 + -12)) + 11.
-45
What is (-18 - -5) + (45 - 1)?
31
What is the value of 47 - (-44 - -33 - -15)?
43
(2 + (1 - (-1 + 6)) - 8) + 49
39
What is -67 - (5 - (7 - -24) - -14)?
-55
Calculate 74 + -9 - (-65 + 51 - 18).
97
7 + (5 - 16) + 5 + (-1 - -9) + -48
-39
What is the value of 26 + -11 + 34 + -19?
30
Calculate 3 + 19 + -41 + -21 + 59 + -36.
-17
Evaluate -3 - (1 - -7 - 28) - (-487 + 431).
73
What is -12 - (1 + -4 + 3 + 5 + -19)?
2
Evaluate (-127 + 240 - 104) + -41.
-32
What is -13 + -8 - (-96 + -14 + 34)?
55
What is -134 - ((-91 - -5) + 12)?
-60
What is the value of 77 + -103 + (-25 - -28 - (6 - -1))?
-30
Evaluate 6 + 30 + (-8 - 5 - 4) + -33.
-14
What is -138 - ((14 - 0) + (-67 - (-25 - 17))) - 2?
-129
Calculate -6 + 46 + (-35 - 29).
-24
Evaluate -1 - -23 - (-11 + 105 + -95).
23
Evaluate 46 + (-60 + -28 - 4).
-46
What is the value of -88 - (51 + -54 + (1 - 3) + 17)?
-100
-89 + 190 + 69 + -95
75
Evaluate (19 + -7 - -3) + 16 + 10 + -8.
33
-5 + (13 - 0 - (104 + -87) - 4)
-13
What is -118 - (59 - 178) - (-2 - -3)?
0
Evaluate -11 + 19 + -38 + -12 - (-6 + -1).
-35
(-17 + -3 - -16) + -76 + -4 + (2 - 10)
-92
What is -17 - (-115 - -37 - -87)?
-26
What is -27 + -5 + (32 + -15 - -115)?
100
Evaluate -2 + 41 + (-34 - -2 - -13) + 21.
41
Evaluate 29 + (-1 - 58 - (821 - 838)).
-13
What is -47 + 1 + 30 + -6 + 12?
-10
-4 + 8 + 6 + 9 + -16
3
235 + -199 + -11 + -6
19
(56 - (46 + -18)) + -27
1
What is 64 + -30 - (5 - (-5 - 13)) - (-2 + -2)?
15
Evaluate 6 + -1 + 0 + -10 - (9 + 24).
-38
What is the value of (67 - (-30 - -58) - -55) + -24?
70
Evaluate (3 - 2 - -28) + (-8484 - -8395).
-60
38 + (-99 - (28 - 60)) - 26
-55
Calculate -45 - (153 + -159 - (2 - 3)).
-40
What is 213 + -64 - (204 + -5)?
-50
What is the value of 0 - (3 + (5 - 105)) - (578 - 574)?
93
Calculate -94 + (5 + -20 - (0 + 1 + (-5 - 2))).
-103
What is the value of 39 - (6 - (-11 - -7 - 11 - -11))?
29
20 - 0 - (-64 - -20 - -66)
-2
Calculate -54 + (17 - 9) - ((-10 - -2 - 4) + -1).
-33
(-347 - -311) + 74 + -2 + 104
140
-93 + (3 - (-61 + 66)) + (7 - 4)
-92
Evaluate 9 - (46 - 10) - ((-15 - -2) + 8).
-22
What is the value of -131 + (-118 - -149) - -73?
-27
22 + -116 + (5 - -1) + (-16 - -12 - -7)
-85
What is the value of (3 - (-11 + (17 - -7))) + -5?
-15
Calculate -3 + -21 + -57 + 68 + (7 - 6).
-12
What is (7 - 65) + -460 + 571?
53
Evaluate (938 - 1068) + (-1 - -165).
34
What is the value of -5 + (-10 - -9) + 2 + -21 + 11 + 16?
2
(3 - -23 - (2 - (-9 - 5))) + 19
29
Evaluate -9 + (-10 - (10 - (-2 - -1) - (125 - 107))).
-12
Calculate 38 - 55 - (24 - (3 - -1)).
-37
What is 13 + -63 + -433 + 535?
52
What is (-550 - -372) + 82 + 14?
-82
What is (27 - (-59 + 43 + 43)) + -19?
-19
-97 + (-88 - (30 + -84))
-131
149 + -144 + (-22 - -6 - (1 - 3))
-9
Calculate (39 - (10 + -5)) + (-1 - 1 - (4 - 2)).
30
What is the value of -1 + -19 + (-37 - -72) - -8?
23
Evaluate -9 + (-7 + 34 - 8) - (7 + (3 - -34)).
-34
What is the value of (88 - (-11 + 223)) + 43?
-81
What is 182 + (-252 - -149) - (0 + -33)?
112
Evaluate 113 + (-26 + 78 - 107).
58
74 - (106 + -40 - -71)
-63
26 + 2 + (279 - 301) + -33
-27
(-46 - (23 - 5)) + (2 - -2 - -7)
-53
Evaluate (54 + (-13 - 20) - 12) + 45.
54
What is 1 - (-39 + 3) - (167 - 170) - (0 - 1)?
41
Calculate -72 + 65 + (40 - ((-6 - -5) + -2)) + 5.
41
What is the value of (52 - 57) + (8 - 3 - (-1 - -1)) + 46?
46
(-8 - 1) + -6 + (56 - (-17 - -7))
51
-33 - (96 + -110) - (5 + -1 + -102)
79
-55 - (-52 - 75) - (2 - -20)
50
Calculate (32 + -8 - 7) + 22.
39
Calculate -15 - -24 - (3 + (4 - 0)) - 37.
-35
Calculate -3 - (-128 + 95 - (2 + (-5 - (-3 + 6)))).
24
-13 + -1 + -162 + 104 + 97
25
What is 12 + -26 + -7 + -7?
-28
39 - ((521 - 327) + 3 + -37)
-121
Evaluate (-31 - 39) + -65 + 55.
-80
Evaluate (3 - (2 + -46) - (-15 - -5)) + 0 + -6.
51
What is the value of -68 - 1 - (-50 + 17)?
-36
Evaluate 31 + 13 + 9 + -13 - 11.
29
What is the value of 1 - 0 - (60 + 10 + -31 + 9)?
-47
Evaluate 5 + (-23 - -10) + -27 + (0 - 12).
-47
72 + (-73 - -71) - 21
49
What is the value of 0 + 1 + 5 + -290 + 312?
28
What is the value of (9643 - 9646) + (0 - 1) + -1 + 80?
75
Evaluate -24 + -7 - ((6 - 5) + -6).
-26
What is 16 + (38 - (-24 + 57)) + 33?
54
What is -7 + -2 + (68 + -152 - -58)?
-35
What is the value of -571 + 596 - (3 - 34)?
56
Calculate 1 + 92 + -5 + (769 - 789 - (-1 + -20)).
89
What is (-583 - -597) + (-2 - -3 - 16) - 44?
-45
What is the value of 9 + -25 + 80 - (-6 + (16 - 9))?
63
Calculate -36 + (-44 - (-22 - 31 - -36)).
-63
What is the value of 5 - (-38 - (22 + -50) - (103 + (-1 - 2)))?
115
Calculate 44 + -6 + 1 + (12 - (0 - (9 - 14))).
46
Evaluate (-6 - (-26 - -3) - (63 - 54)) + (-2 - -1).
7
What is the value of (30 - -1) + -69 - (-9 + -51)?
22
-29 - (-33 + 92 - 48)
-40
63 + -57 + (7 - -51) - 24
40
0 - 22 - (-19 - (-7 + (-22 - -22))) - 58
-68
What is 9 + 21 + 28 + -6 + -20 + 2?
34
What is the value of 9 + 101 + -254 - -230?
86
Evaluate 15 + 28 + (9 - 23) + -16.
13
Evaluate (-19 - -128) + -169 - (-26 - 0).
-34
What is the value of -13 + (-23 - ((-8 - -12) + 5)) + -4?
-49
Evaluate 9 - (-17 + 18 - -22 - -13).
-27
Evaluate -4 + -4 - (16 + (3 - (-4 - -12) - 1)).
-18
Evaluate (22 - (33 + -7) - -7) + -10.
-7
Evaluate 13 + (-4 + 14 - (21 - 9)).
11
Calculate 110 + 9 + -12 + (383 - 414).
76
What is the value of -17 + 2 - (30 - (-20 + 28))?
-37
What is -13 + -11 + 4 + 10 + -12 + -3?
-25
What is the value of 29 + -73 + (60 - 29) - (-64 - 0)?
51
Evaluate (-3 - -77) + (8 + -21 + 11 - -6).
78
What is (15 + 2 - (611 + -600)) + 50 + -1?
55
5 - -11 - -10 - (-3 + 6 - 16)
39
What is -118 + 42 + 19 + 21?
-36
Calculate 0 + -66 + 2 + 1 - (8 - (-17 - -13)).
-75
Calculate (-57 - (63 - 124)) + 26 + -1.
29
What is (65 + 11 - 86) + 0 + -20?
-30
(-3 - 4) + (270 - 264 - (-8 + 0) - -30)
37
Evaluate -7 + (44 - 0) + 1 + 182 + -184.
36
Evaluate 5 + -4 + 17 + (16 - (23 - 0)) + 74.
85
Evaluate 7 - ((-41 - -50) + (7 - 0) + -3).
-6
What is the value of 24 + (-8 - 16) - (-29 + -1 + -3 + 2)?
31
Evaluate -36 + (247 - 80 - 93).
38
Evaluate -10 + 6 + 3 + (45 + 17 - 17).
44
(-16 - (6 + -14)) + 1 + -25 + (-15 - -22)
-25
What is -14 + (2 - 2 - (9 - -14)) + 14?
-23
What is the value of (12 - -3) + 10 + -7 + 67?
85
What is -2 + -58 + (99 + -24 - 37 - 17)?
-39
What is (2 - -12) + (-38 - 20 - -51) + (3 - -84)?
94
What is the value of -1 - (68 + (-2 - -1)) - (119 - (116 - 3))?
-74
Evaluate (-128 - (-21 - 239)) + -46.
86
-2 + 3 + -1 - (2569 - 2587)
18
Evaluate 11 - ((7 - (-33 + 32 + 60 + -1)) + 1).
61
What is 31 - (23 - (45 - 65))?
-12
Evaluate 22 + (-5 - -19) + -17 + -6.
13
Evaluate 3 + 1 + (11 - (-11 + 25)) + 15.
16
Evaluate 4 + (17 - 36) + (-88 - -134).
31
What is the value of -72 + 1 + -5 + (7 - (34 + -19))?
-84
-1 + (92 - 84) + (-35 - -1) + -7
-34
What is 69 - (10 + -1 + -5 + -32 + 37)?
60
(-14 - -43 - 9) + (13 - 26) - (-32 + 0)
39
What is the value of -41 + (159 - (114 - -140))?
-136
What is 1 + 3 - (-31 + (-72 - -98))?
9
What is (-3 - (-15 - -3) - -47) + -13 - (0 + 11)?
32
What is the value of 14 + (-59 - (-91 - -106))?
-60
Calculate -22 - (-18 - (-8 + 5)) - -4.
-3
What is 18 + (16 - (39 + -12)) + -40 - 4?
-37
Evaluate (5 - (-4 + 3)) + 21 + 6 + 1.
34
What is 52 + 0 + (-1116 - -1103 - (-1 + (-1 - 0)))?
41
Calculate -110 + 195 + (52 - 61).
76
What is the value of 5 + (10 - (-13 - -25)) - (1 - -43) - 1?
-42
Calculate -8 + -142 + 297 - 73.
74
Evaluate -8 + (23 - (27 + -14)) - -9.
11
Evaluate 127 + (-147 + 260 - 138).
102
Calculate 132 - (14 + -39 + 48 + 14).
95
Evaluate 2126 - 2053 - (-5 + 15 + 0 - (-1 + 0)).
62
-61 + (32 + 8 - 20)
-41
Evaluate (11 - 13 - -52) + (-5 - (-12 - -21)).
36
What is 2 - 59 - (-332 + 341)?
-66
Calculate -13 + 4 + ((2 - 3) + -13 - (2328 + -2340)).
-11
Calculate -11 + (1 - -1 - 11) + (-184 - -158).
-46
Calculate -31 + (-2 - (12 - (142 - 146 - (-13 - -1)))).
-37
Evaluat